-25.
14
What is 84 - 51 - ((3 - 7) + 14)?
23
Evaluate 0 + 16 - (48 - 27).
-5
What is the value of 26 - -1 - (-87 + 94)?
20
What is the value of 10 + -3 - (-7 - 3 - (-5 - 0))?
12
Evaluate (-2 - (-28 - -2)) + -7 + (39 - 43).
13
Calculate -16 + 2 - (10 + (13 - 29)).
-8
(4 - 5) + -3 + 0 + (72 - 48)
20
What is the value of -39 - -48 - 27 - (-55 - -5)?
32
14 + (-16 - (-4 + -24 - -14))
12
Evaluate (1 - -14) + (-32 - -25) - (-7 - -1).
14
What is (7 - -7) + -7 + (-7 - 0)?
0
13 + (12 - 51 - -13)
-13
What is (27 - 2) + (-108 - -106) + -15?
8
Evaluate 0 + 0 + (3 - 1) - (-46 - -36).
12
(-6 - -1) + (-69 - -78) + -17 + 0
-13
Calculate 28 - (30 + -12) - 27.
-17
-11 + (5 + 5 - 9) + -3
-13
Calculate (41 - (2 + -42)) + -45.
36
Evaluate (13 - 1 - -1) + 1 - -7.
21
Calculate (-5 - 2 - -1) + -3 + 6 + 7.
4
Evaluate 8 - 12 - (-5 - 40).
41
Calculate (-11 - 1) + (-295 - -301).
-6
Evaluate -4 + 6 + -7 - (7 + 2).
-14
What is the value of (8 - 2) + -2 - (30 - 33)?
7
Evaluate 1 + 1 + 25 + -9 + -13 - -11.
16
Calculate -11 + 11 + 10 + 16 + -6.
20
What is the value of -19 + 10 + 4 - (3 - 1)?
-7
Evaluate 7 + -10 + 15 - 4.
8
What is (-27 - -5) + (-30 - (-56 + 11))?
-7
What is -25 - (-9 - 5) - -9?
-2
What is the value of -25 - ((0 - 3) + 17 + (28 - 48))?
-19
What is (-30 - -35 - 31) + -8?
-34
What is (-22 - -1) + 63 + -54?
-12
What is the value of (0 - -8) + (24 - 6 - 39)?
-13
What is -9 + 9 + 5 + (4 - 0 - 6)?
3
Evaluate 2 + 0 + -3 + 20 + -28.
-9
What is 48 + (-38 - -9) - 13?
6
Evaluate -10 + -10 + 30 + -14.
-4
What is the value of -12 + 1 + (10 - -37) + -25?
11
-10 - ((3 - -4) + -19 + 9)
-7
What is -2 - (1 + 8 + -14 + (-1 - -5))?
-1
What is the value of (-2 - 1) + (-13 - -31) + -25?
-10
-6 + 20 - (66 + -73)
21
What is (-13 - (5 + -2)) + 323 + -337?
-30
Calculate -25 + 28 - (2 + -7).
8
What is the value of -14 + 16 + -7 - -10 - -8?
13
What is -30 + 7 - (-11 - (1 - 5))?
-16
-3 - (16 + (-8 - 15))
4
Evaluate (-2 - (-6 + 10 + -4 + 3)) + 5.
0
-6 + 11 + (14 - 8)
11
Evaluate -3 - 1 - (22 + -8 + -4 + 0).
-14
(1 + -2 - (0 + 19 - 13)) + -4
-11
What is the value of 1 + -20 - (-8 - (-3 + (-7 - -7)))?
-14
What is the value of -3 + -2 + 1 + 1 - (183 + -185)?
-1
What is 12 + 1 + (7 + -4 - (-1 + 3))?
14
What is 6 + (-16 - (-35 + 43 + 1 + -3))?
-16
What is the value of (0 - -7) + (18 - 29 - 8)?
-12
Evaluate -15 + (19 - -12 - 33).
-17
Calculate -7 + (25 - (19 - (-5 - -32))).
26
Calculate 6 - (7 + -7 + -32 - -15).
23
Calculate -3 + 13 + (0 - 9) + (3 - 1).
3
What is the value of -5 - (-10 + (17 - 15))?
3
10 + (-19 - -2) + 7 + (-2 - 12)
-14
What is the value of 8 - (8 + (-7 - (-7 + 11)))?
11
Evaluate -14 - (-7 - 0 - 0 - -9).
-16
-8 + 4 + -6 - (1 - -5 - 0)
-16
What is -2 - -1 - (-2 + -5 + 0) - 23?
-17
What is 159 - (39 - -90) - (1 + -1 - 8)?
38
What is 11 - ((-61 - -34) + 72)?
-34
Calculate 2 - (16 + 11 + (-7 - 2)).
-16
-10 - (-1 - (6 + -7))
-10
What is the value of (-6 - ((3 - 3) + -6 + -1)) + -8?
-7
Evaluate -4 - (-17 - -13 - (-1 - 0) - -1).
-2
What is 5 + (-24 - (16 + -12)) + 2?
-21
What is (2 - (-1 + 11)) + -15 + -4 + 3?
-24
Calculate -6 + (-8 - -22 - 7 - (-1 - 0)).
2
Evaluate (-10 - -21) + (-27 - -3).
-13
Evaluate -15 - (2 + -32 + 11).
4
What is -12 - (37 - 43) - (0 - -6)?
-12
Evaluate (14 - 12 - 28) + 12 - (1 + -7).
-8
What is the value of -2 + 2 + -56 + 47?
-9
What is -30 + (-13 + 4 - -20) - -7?
-12
Evaluate -14 - (1 + (12 + -8 - 2) - -4).
-21
What is 767 + -767 + 0 + 7 + -1?
6
3 + 5 + -35 + 48
21
What is the value of -54 + 48 + -32 - -5?
-33
Evaluate 11 - (-8 + -3 + 19 + -30) - 3.
30
1 + (-2 + (8 - 0) - (9 - 14))
12
(7 - 27 - -11) + 0 + 5 + -35
-39
Evaluate (3 - 4) + 4 - (-23 - -23) - 3.
0
What is -32 + (26 - (-16 - (0 - 28)))?
-18
What is the value of -6 + (27 - 2) - 38?
-19
-3 + 0 + (-28 + 37 - -8)
14
Calculate 18 + (-16 - -9) + -10.
1
What is 31 + 5 + -24 + 8?
20
Evaluate 13 - (27 + -13 + 6).
-7
Evaluate 1 + 8 + -18 + (-5 - -5) + 11.
2
What is 6 + (-6 - (-9 + 1))?
8
Calculate 3 + (219 - 227) + (21 - 1).
15
What is the value of -2 - (-15 - -8) - (-3 + 6 + -8)?
10
Calculate -47 + (34 - 4) + 8.
-9
14 + (-10 - 7) + 11
8
Evaluate -1 - -46 - (-161 + 168) - 7.
31
-3 - (20 + -16 + -1)
-6
What is the value of -24 + (-43 - -34 - (-12 + 1))?
-22
13 - (-1 - (-2 + -1 + (1 - 1)))
11
4 + 1 + -5 + -2 + 3 + -5
-4
What is the value of 5 + 0 + 3 + -47 + 48?
9
What is -12 + 4 + 0 + 2?
-6
Evaluate -10 + 3 - (-138 - -109).
22
Calculate (-4 - (4 + (-8 - 2 - -11))) + 17.
8
(-3 - -5) + 16 - (33 + -41 - 3)
29
What is the value of -5 + (3 - (-27 - (-5 - 6)))?
14
Evaluate (-6 - -12) + 13 + -1 + -5.
13
Evaluate -12 + (11 + -12 - -16) - (1 - -3).
-1
1 + 3 + -10 + (12 - 5) - -5
6
Evaluate 12 + (-12 - -5) + 1 + -11 + 21.
16
2 + -19 + (-184 - -205)
4
Calculate (-932 - -915) + -1 + 17.
-1
What is 7 + -6 + -2 - (-9 - -5)?
3
Calculate (-9 - 1) + -2 + 12 + 2.
2
Evaluate -6 + 38 + -80 + 70.
22
Evaluate 52 + -33 - ((9 - (4 + -2)) + -5).
17
-8 - (-1 + 0) - (-829 + 822)
0
0 - 6 - (13 - -15 - 44)
10
Calculate 6 + 14 + -12 - (8 + -27).
27
Evaluate (11 + -23 - -15) + -41.
-38
Evaluate -30 + 34 + (0 - 1) - 6.
-3
1 + -21 - (93 - 93)
-20
Calculate 18 + 4 + -8 + 1.
15
Evaluate 8 - ((-15 + -7 - -11) + 1).
18
Calculate 8 + -13 + -13 + 14 + 2 + -6.
-8
Evaluate 0 + 3 + (-127 - -131) - 4.
3
What is the value of 12 - (4 - (-8 - (-2 - (12 - 19))))?
-5
Evaluate 7 + (-13 + 3 - -7).
4
Calculate -35 - (-7 - (-4 - 6 - -15)).
-23
Calculate -14 + 17 - (-2 - (4 - 7)).
2
Calculate 2 + 9 - (-143 + 147).
7
Evaluate -65 + 114 - (10 + 6 + 3).
30
Evaluate -15 - -3 - (2 + -10 + 1).
-5
Calculate (7 + -13 - -1) + (-7 - 2).
-14
What is the value of 44 - (6 + -29 + 55)?
12
-13 + -9 + -14 + 48 + -13
-1
What is the value of (11 - -2) + -12 + -8?
-7
-39 - (-43 - (15 - 27))
-8
2 + 1 + -14 + 2
-9
What is the value of 5 + -4 - (-41 + 36)?
6
What is (-39 - -16) + 45 + (0 + 0 - 3)?
19
What is 1122 - 1067 - (1 - -46)?
8
Evaluate 17 - 14 - (2 - (4 + -9 - -12)).
8
What is the value of (-8 - -24) + (12 - 11)?
17
What is -15 - (-19 - (-15 - -12))?
1
Calculate 19 + (-2 - -15 - 6) + -5.
21
What is the value of (4 - 5 - 5 - (42 - 40)) + 16?
8
Evaluate 14 + -1 + (8 - (-51 + 103)).
-31
Evaluate -19 + 2 - -2 - -3.
-12
What is the value of -28 + -14 - -32 - (1 - -1)?
-12
19 + 9 - 30 - (-1 + 1 + -3)
1
20 + -29 - (0 + 9)
-18
Evaluate 34 - 11 - 37 - -6.
-8
-32 - -36 - 7 - ((-3 - -2) + 27)
-29
What is (3 - ((7 - -2 - 1) + -4)) + 0?
-1
Evaluate -6 + 10 + -9 + 0.
-5
-37 + (2 - ((-10 - (8 + -25)) + -9))
-33
What is the value of 46 - -8 - 18 - 18 - 38?
-20
What is the value of 14 - (31 + -17) - 24?
-24
What is -36 + 0 + (3 - 9) + 21?
-21
What is the value of -33 - (5 + (-43 - -20))?
-15
(9 - (22 + -8)) + -4
-9
What is (-18 - -25) + -15 + -7?
-15
What is the value of (-19 - -2) + (-13 - -15 - -7) - -33?
25
Evaluate 20 - (-26 + 32) - (-1 - 13).
28
Evaluate 13 + (1 - 5) + (-44 - -41) + -2.
4
What is the value of (0 - (-18 + 5)) + (9 - (-1 - -9))?
14
Evaluate (-30 - -14) + 3 + 24.
11
What is 1 + 3 + (-14 - (2 - 24))?
12
(8 - 5) + -2 + -1 + (6 - 2)
4
(-15 - (-44 - -25)) + (-1 - (13 + 0))
-10
What is 3 + 9 + 7 + -5 + 1?
15
133 - 144 - (-3 + 3)
-11
1 - -21 - (57 + -12)
-23
Calculate 18 - ((2 - (0 + 0)) + 4).
12
What is the value of 20 + -19 + -12 - (5 - 1)?
-15
Evaluate -24 + (-27 - -28) + 5.
-18
What is 12 + -17 - 9 - -5?
-9
-13 + (-11 - 6) + 14 + 8
-8
What is -3 - 1 - -4 - (3 + -17)?
14
What is the value of (65 - 26 - 26) + 7?
20
What is 6 - -1 - (-9 - 0) - 8?
8
What is the value of -26 + (3 - (20 + -41))?
-2
0 + 3 + 24 + -47
-20
Calculate (-1 - -7) + 0 - (-510 - -515).
1
What is 0 - (11 + (-20 - -13))?
-4
What is the value of (-1 + 10 - 2) + (2 - 1)?
8
What is the value of (11 - (-20 + 29)) + 11?
13
What is 6 - -11 - (37 - -17) - -11?
-26
(27 - 13) + -25 - (0 - -1)
-12
6 + -38 + 52 + -9 + 0
11
Calculate (3 - 46) + 30 - (-3 + 18).
-28
What is 4 + (-6 - (-5 - 3)) + -12?
-6
10 - ((-1 - (2 - 0)) + 8) - -2
7
(-1 - (0 - -2) - (-572 - -576)) + 28
21
What is 120 + -92 - (0 + 8) - 50?
-30
Calculate 6 - (21 + -14 + -11).
10
What is the value of 2 + 12 + -3 + -6 + 3?
8
What is the value of -26 - (-15 + (14 - 6))?
-19
Evaluate (22 - 7 - 4 - 2) + -18.
-9
What is the value of -22 - ((-3 - -33) + -80)?
28
What is the value of -6 + 10 + 0 + 0 + 68 + -74?
-2
11 + 11 + -15 + 3 + -9
1
Evaluate 18 - 10 - (-4 